u = 0 - a. What is the remainder when h is divided by u?
24
Suppose -a = a - 8, -4*a + 34 = -2*w. What is the remainder when 15 - w*(28/(-12) - -2) is divided by 9?
3
Suppose 9*h + 74 = 209. Suppose 5*n - 6*n = -130. Calculate the remainder when n is divided by h.
10
Suppose -4*r = -2*j - 12, 4*r - 4*j = -1 + 5. Suppose 6 = r*l - 59. What is the remainder when ((-4)/(-3))/((-4)/(-150)) is divided by l?
11
Let o = 406 + -396. Calculate the remainder when 48 is divided by o.
8
Suppose -9*a - 60 = -12*a. Let g = 69 - a. Let v(c) = 2*c + 1. What is the remainder when g is divided by v(6)?
10
Suppose -3*d - 1396 = -472. Let w = 3 + 1. What is the remainder when d/(-8) - (-2)/w is divided by 14?
11
Suppose 2*u + 2*u - 120 = 0. What is the remainder when ((-28)/12)/((-5)/u) is divided by 10?
4
Let n(u) = -271 - 7*u + 269 + 41*u. Let h = -7 - -14. Calculate the remainder when n(1) is divided by h.
4
Suppose 0 = 3*i, -5*i + 8 = 2*c - 0*i. Suppose 0 = -2*u + c*f, 0 - 3 = -f. Calculate the remainder when (2/3)/(u/261) is divided by 10.
9
Calculate the remainder when (-46)/(-3)*15/10 is divided by -3 - (8 + -29 + 12).
5
Suppose 171*t = 173*t - 118. What is the remainder when 411 is divided by t?
57
Suppose 1073 = 5*h + 313. What is the remainder when h is divided by 1 + 9 + (53 - 41)?
20
Let m(d) = 16*d + 4. Calculate the remainder when m(6) is divided by 52.
48
Suppose -12*d + 660 = -60. Calculate the remainder when d is divided by 22.
16
Let b(n) = n**3 + 5*n**2 - 6*n - 3. Let j be b(-6). Let p = 1 - j. Suppose 5*c + 71 = 3*t + 16, 4*t - 20 = -4*c. Calculate the remainder when t is divided by p.
2
Let k = -62 - -145. Let v(a) = -2. Let p(g) = g - 1. Let r(z) = 6*p(z) - 5*v(z). Calculate the remainder when k is divided by r(4).
27
Suppose 5*v + 20 = 90. What is the remainder when 431 is divided by v?
11
Let m(r) = 2*r - 4. Let p be m(2). What is the remainder when 51 - (2 - (0 - p)) is divided by 17?
15
Suppose 24*v - 34*v + 340 = 0. Calculate the remainder when 507 is divided by v.
31
Let l(p) = -10*p - 24. Let g be 26*3/(-18) + (-4)/6. What is the remainder when l(g) is divided by 14?
12
Let v(r) = -r**2 - 27*r - 21. What is the remainder when v(-11) is divided by 16?
11
Suppose 0 = -u, 0 = -3*h - 5*u + 131 + 82. What is the remainder when h is divided by 6?
5
Suppose 2*f = 5*s - f + 23, 0 = 4*s - 2*f + 20. Let a = -3 - s. Let l(o) = 5*o**2 - 4*o + 3. Calculate the remainder when l(2) is divided by a.
3
Let j = 9 + -5. Suppose p - 7 = 5*h, -5*p - 5*h - 3 = -8. Suppose 4*x - 46 = -5*o, p*x - 16 = -2*x. Calculate the remainder when o is divided by j.
2
Suppose -30*v + 276 = 36. Calculate the remainder when 254 is divided by v.
6
Let f(n) = 127*n + 437. Calculate the remainder when f(15) is divided by 33.
32
Let q = 77 - 67. What is the remainder when (-4169)/(-143) + (-4)/26 is divided by q?
9
Suppose 4*v + i - 4 = 0, -4*i = v - i + 10. Let w be (-2)/(-6)*(-12)/v. What is the remainder when 55 is divided by (-1)/w*56/2?
13
What is the remainder when (-2)/4 - (1 + 249/(-6)) is divided by 15?
10
Suppose -2*x + 24 - 14 = 0, x - 37 = -2*y. Let l be (2/(-5))/(1/5). What is the remainder when 3/l*(-18 - 2) is divided by y?
14
Suppose 4*w = 8*w + 4*r - 140, 0 = 5*r - 5. Calculate the remainder when 1835 is divided by w.
33
Suppose 0 = -2*n - 0*n + 62. Suppose -4*k + 5*t - 10 = -n, 0 = -t + 3. Calculate the remainder when 35 is divided by k.
8
Suppose -56 = 4*n - 18*n. Let b(t) = t - 5. What is the remainder when n is divided by b(6)?
0
Suppose -u - 2*k = -5*u - 248, -3*k - 55 = u. Let a be (0/5 - 123) + 3. Let r = u - a. What is the remainder when r is divided by 20?
19
Suppose 5*u - 4*a = 129, -4*a = 5*u - a - 122. Let r = -15 + u. What is the remainder when 4/10 + 516/r is divided by 14?
10
Suppose 3*s - 3*k - 16 = 5, 2 = -2*s - 2*k. Suppose 6*q - s*q = 0. Suppose m - 12 - 12 = q. Calculate the remainder when m is divided by 5.
4
Let u be (864/(-10))/((-15)/50). Suppose -u = 10*p - 13*p. What is the remainder when p is divided by 33?
30
Let x = -174 + 262. Calculate the remainder when x is divided by 9.
7
What is the remainder when (-2596)/(-3)*(-135)/(-90) is divided by 26?
24
Let m = -90 - -288. What is the remainder when m is divided by 21?
9
Suppose 15 = 28*f - 27*f. Let l(x) = 3*x - 1 + 5*x**3 - 2*x**3 - 3*x**2 - 2*x**3. Calculate the remainder when l(4) is divided by f.
12
Suppose -5*o + 3*b + 196 = 0, 15 = 11*b - 6*b. Calculate the remainder when 220 is divided by o.
15
Suppose 0 = 4*k, 6 = o - 0*o - 3*k. Suppose -o*g + 2*g = -32. Suppose 0 = -g*i + i + 315. What is the remainder when i is divided by 13?
6
Let o be (4 - 1)*(-3 + 4). Let h(y) = y**2 + 12*y + 14. Let v be h(-11). What is the remainder when (8/v - 2)*o is divided by 1?
0
Suppose -63 = 3*l - 249. Suppose 3 = 2*d - 7. Suppose -p - 84 = -4*v - d*p, -v - 3*p + 21 = 0. What is the remainder when l is divided by v?
20
Suppose 0 = 4*s + 4*i - 22 - 138, 4*s - 195 = 3*i. What is the remainder when s is divided by (-536)/(-38) - 23/((-6992)/(-32))?
3
Let j = 1160 - 1152. What is the remainder when -2*(1 + 82/(-4)) is divided by j?
7
Calculate the remainder when (-150 + -193)/((4/(-2))/4) is divided by 10.
6
Suppose 358 = 4*m - 2*q, -q - 4*q + 301 = 3*m. What is the remainder when m is divided by 3?
2
Let m(t) = -t**3 + t**2 + 10*t + 28. Suppose -r + 0*r = -33. Calculate the remainder when m(-5) is divided by r.
29
Suppose 0 = h - 12 - 11. Suppose -3*x - 9 = 0, 0 = 3*l + x + 13 + 2. What is the remainder when 17*8*(-2)/l is divided by h?
22
Suppose -5*y + 2*c = -365, 4*y + 3*c + 0*c = 269. Suppose -2*v = -y - 77. Suppose 2*t + 4 = 42. What is the remainder when v is divided by t?
17
Let o(g) = 17*g**2 + 34*g - 33. Calculate the remainder when 114 is divided by o(1).
6
Suppose -3*y + 23 = -2*z, 0 = 4*z - 3*z - 2. Calculate the remainder when y is divided by 3.
0
Let q(h) = -2*h**2 + 113*h - 105. Calculate the remainder when q(53) is divided by 21.
14
Let b be ((-10)/(-6) - 1)/((-10)/(-1050)). Suppose -c + 6*c = b. What is the remainder when c is divided by 8?
6
Let k = 1036 + -150. What is the remainder when k is divided by 12?
10
Let s be (-62)/2 + (-2 - -2). Let f = 54 + s. Let n(v) = -v**3 + 5*v**2 + v - 12. Calculate the remainder when f is divided by n(4).
7
Let m(g) = 8*g**2 - 7*g + 38. What is the remainder when m(4) is divided by 47?
44
Calculate the remainder when (69/15)/(6/30) is divided by 10.
3
Let k = 1560 + -1541. What is the remainder when 63 is divided by k?
6
Let t(p) = -3*p + 5 + 0*p**3 + 8*p**2 - 4*p + 5 - p**3. Suppose -3*o + 3*h - 4*h + 26 = 0, -2*o - h = -19. Calculate the remainder when t(o) is divided by 3.
1
Suppose 4*v - 7 = -3*v. Let m(y) = 12*y**3 - y**2 + 1. Let r = 12 - -8. Calculate the remainder when r is divided by m(v).
8
Let b = 18 + -12. Suppose -14 + 101 = 3*j. Calculate the remainder when j is divided by b.
5
Let s(d) = d**2 + 11*d - 50. Suppose 4*x + 71 = -5*b, -3*b + 4*b = 4*x - 19. Calculate the remainder when 34 is divided by s(b).
4
Suppose -47*l = -53*l + 3582. What is the remainder when l is divided by 60?
57
Suppose 5*d + 10 = 0, -4*d = -3*i + 10 - 134. Let p be (-2)/12 + 1150/(-12). What is the remainder when 3 is divided by p/i + (-6)/33?
1
Suppose -3*r + 12*r = 432. Calculate the remainder when 286 is divided by r.
46
Suppose 2*r = 3*m - r - 15, -3*m = 4*r - 36. Let c = -875 + 912. What is the remainder when c is divided by m?
5
Let c be (-3)/(-5*(-3)/1590). Let w(k) = k**2 - 5*k + 3. What is the remainder when (-6 - -3)/(9/c) is divided by w(8)?
25
Let p = -171 - -194. What is the remainder when p is divided by 9?
5
Let q = 10 + 174. Suppose -m = 3*m - q. Calculate the remainder when m is divided by 8.
6
Let f be ((-5)/(-2))/((-9)/(-54)). Suppose -3*g + f = -3*x, -3*g + 5*x - 5 = -26. Calculate the remainder when (-4 - (-36)/g)/1 is divided by 5.
4
Let a(w) = 3*w**2 + 5*w - 10. Let o(v) = -4*v - v + 5 - v**2 + 2*v. Let g(k) = 2*a(k) + 5*o(k). Calculate the remainder when g(6) is divided by 7.
4
Let h be (-1)/(1 - 0)*4. Let j = 0 - -4. Calculate the remainder when (0 - 3)/((h/(-12))/(-1)) is divided by j.
1
Suppose -2*r - 3*r + 165 = 0. Suppose -2*a + 5*u + 2 = -2, 0 = 3*a - 2*u - 28. What is the remainder when r is divided by a?
9
Let w(f) = -4*